 factors of 6603?
3, 31, 71
List the prime factors of 1969.
11, 179
List the prime factors of 12735.
3, 5, 283
List the prime factors of 18287.
18287
List the prime factors of 31952.
2, 1997
List the prime factors of 15676.
2, 3919
List the prime factors of 44789.
44789
What are the prime factors of 2219?
7, 317
What are the prime factors of 1454?
2, 727
What are the prime factors of 4383?
3, 487
What are the prime factors of 5431?
5431
List the prime factors of 35983.
35983
What are the prime factors of 327?
3, 109
What are the prime factors of 76082?
2, 109, 349
What are the prime factors of 784?
2, 7
What are the prime factors of 38586?
2, 3, 59, 109
List the prime factors of 9556.
2, 2389
What are the prime factors of 12232?
2, 11, 139
List the prime factors of 43634.
2, 21817
What are the prime factors of 2088?
2, 3, 29
What are the prime factors of 9788?
2, 2447
What are the prime factors of 98400?
2, 3, 5, 41
List the prime factors of 57466.
2, 59, 487
List the prime factors of 1664.
2, 13
List the prime factors of 421.
421
List the prime factors of 2309.
2309
List the prime factors of 14648.
2, 1831
What are the prime factors of 14609?
7, 2087
What are the prime factors of 2337?
3, 19, 41
What are the prime factors of 94791?
3, 19, 1663
List the prime factors of 24427.
13, 1879
List the prime factors of 2081.
2081
List the prime factors of 9456.
2, 3, 197
What are the prime factors of 95615?
5, 13, 1471
What are the prime factors of 82?
2, 41
List the prime factors of 14506.
2, 7253
What are the prime factors of 426?
2, 3, 71
What are the prime factors of 71591?
13, 5507
What are the prime factors of 47181?
3, 15727
List the prime factors of 25584.
2, 3, 13, 41
List the prime factors of 3122.
2, 7, 223
What are the prime factors of 2003?
2003
What are the prime factors of 1100?
2, 5, 11
List the prime factors of 865.
5, 173
What are the prime factors of 16332?
2, 3, 1361
List the prime factors of 582.
2, 3, 97
What are the prime factors of 4636?
2, 19, 61
List the prime factors of 152.
2, 19
List the prime factors of 1065.
3, 5, 71
List the prime factors of 48637.
17, 2861
What are the prime factors of 50028?
2, 3, 11, 379
What are the prime factors of 9565?
5, 1913
List the prime factors of 27535.
5, 5507
What are the prime factors of 32002?
2, 16001
List the prime factors of 1114.
2, 557
List the prime factors of 9747.
3, 19
What are the prime factors of 28214?
2, 14107
List the prime factors of 2234.
2, 1117
List the prime factors of 6901.
67, 103
What are the prime factors of 2320?
2, 5, 29
List the prime factors of 8725.
5, 349
What are the prime factors of 5539?
29, 191
What are the prime factors of 845?
5, 13
List the prime factors of 9190.
2, 5, 919
List the prime factors of 54177.
3, 18059
What are the prime factors of 10154?
2, 5077
What are the prime factors of 8102?
2, 4051
List the prime factors of 1405.
5, 281
What are the prime factors of 1182?
2, 3, 197
List the prime factors of 67364.
2, 11, 1531
List the prime factors of 355.
5, 71
List the prime factors of 11129.
31, 359
What are the prime factors of 1349?
19, 71
List the prime factors of 17931.
3, 43, 139
What are the prime factors of 59?
59
List the prime factors of 9886.
2, 4943
What are the prime factors of 426?
2, 3, 71
What are the prime factors of 41577?
3, 13859
What are the prime factors of 8617?
7, 1231
What are the prime factors of 31954?
2, 13, 1229
What are the prime factors of 6924?
2, 3, 577
List the prime factors of 764.
2, 191
List the prime factors of 14.
2, 7
What are the prime factors of 10605?
3, 5, 7, 101
List the prime factors of 51063.
3, 17021
What are the prime factors of 72386?
2, 17, 2129
What are the prime factors of 3365?
5, 673
What are the prime factors of 6920?
2, 5, 173
List the prime factors of 35812.
2, 7, 1279
What are the prime factors of 78689?
13, 6053
List the prime factors of 15912.
2, 3, 13, 17
What are the prime factors of 663?
3, 13, 17
List the prime factors of 119319.
3, 31, 1283
What are the prime factors of 366?
2, 3, 61
List the prime factors of 60693.
3, 20231
List the prime factors of 42141.
3, 11, 1277
What are the prime factors of 7293?
3, 11, 13, 17
What are the prime factors of 118?
2, 59
List the prime factors of 13523.
13523
What are the prime factors of 128553?
3, 73, 587
List the prime factors of 37374.
2, 3, 6229
What are the prime factors of 1413?
3, 157
What are the prime factors of 289?
17
What are the prime factors of 24337?
24337
What are the prime factors of 27624?
2, 3, 1151
What are the prime factors of 19187?
7, 2741
List the prime factors of 81366.
2, 3, 71, 191
List the prime factors of 3583.
3583
List the prime factors of 1575.
3, 5, 7
What are the prime factors of 95376?
2, 3, 1987
List the prime factors of 65595.
3, 5, 4373
What are the prime factors of 17477?
17477
List the prime factors of 459.
3, 17
What are the prime factors of 25604?
2, 37, 173
What are the prime factors of 33231?
3, 11, 19, 53
What are the prime factors of 2328?
2, 3, 97
List the prime factors of 5714.
2, 2857
List the prime factors of 93842.
2, 7, 6703
What are the prime factors of 5796?
2, 3, 7, 23
What are the prime factors of 1186?
2, 593
What are the prime factors of 581?
7, 83
List the prime factors of 10566.
2, 3, 587
List the prime factors of 26802.
2, 3, 1489
What are the prime factors of 10157?
7, 1451
List the prime factors of 796.
2, 199
List the prime factors of 20477.
20477
List the prime factors of 2208.
2, 3, 23
What are the prime factors of 40081?
149, 269
List the prime factors of 3308.
2, 827
What are the prime factors of 21702?
2, 3, 3617
List the prime factors of 134156.
2, 11, 3049
What are the prime factors of 22031?
22031
What are the prime factors of 30502?
2, 101, 151
List the prime factors of 21942.
2, 3, 23, 53
What are the prime factors of 1474?
2, 11, 67
List the prime factors of 635.
5, 127
List the prime factors of 44.
2, 11
List the prime factors of 195.
3, 5, 13
What are the prime factors of 1615?
5, 17, 19
What are the prime factors of 696?
2, 3, 29
List the prime factors of 38605.
5, 7, 1103
List the prime factors of 13188.
2, 3, 7, 157
What are the prime factors of 99506?
2, 11, 4523
What are the prime factors of 833?
7, 17
What are the prime factors of 24813?
3, 919
What are the prime factors of 21749?
7, 13, 239
List the prime factors of 3235.
5, 647
What are the prime factors of 3417?
3, 17, 67
What are the prime factors of 5081?
5081
What are the prime factors of 2289?
3, 7, 109
List the prime factors of 29410.
2, 5, 17, 173
What are the prime factors of 50510?
2, 5, 5051
What are the prime factors of 8492?
2, 11, 193
List the prime factors of 19900.
2, 5, 199
What are the prime factors of 1332?
2, 3, 37
List the prime factors of 27133.
43, 631
List the prime factors of 1548.
2, 3, 43
What are the prime factors of 287?
7, 41
What are the prime factors of 12921?
3, 59, 73
What are the prime factors of 1184?
2, 37
List the prime factors of 16201.
17, 953
What are the prime factors of 1831?
1831
What are the prime factors of 4012?
2, 17, 59
List the prime factors of 2486.
2, 11, 113
What are the prime factors of 1420?
2, 5, 71
What are the prime factors of 3954?
2, 3, 659
What are the prime factors of 2559?
3, 853
What are the prime factors of 26901?
3, 7, 61
What are the prime factors of 11567?
43, 269
List the prime factors of 893.
19, 47
What are the prime factors of 10953?
3, 1217
List the prime factors of 1319.
1319
What are the prime factors of 16623?
3, 1847
What are the prime factors of 13127?
13127
List the prime factors of 520.
2, 5, 13
What are the prime factors of 36550?
2, 5, 17, 43
What are the prime factors of 11170?
2, 5, 1117
List the prime factors of 128.
2
What are the prime factors of 30660?
2, 3, 5, 7, 73
List the prime factors of 1071.
3, 7, 17
What are the prime factors of 159988?
2, 23, 37, 47
List the prime factors of 30298.
2, 15149
List the prime factors of 1457.
31, 47
What are the prime factors of 4661?
59, 79
List the prime factors of 5570.
2, 5, 557
List the prime factors of 1889.
1889
What are the prime factors of 22978?
2, 11489
What are the prime factors of 23?
23
List the prime factors of 19183.
19183
List the prime factors of 1056.
2, 3, 11
Wh